 n(q) = q**2 - 20*q + 102. Let p be n(11). Is b(p) a prime number?
True
Suppose -4*y = -k - 2, 3*y - 6 - 3 = -3*k. Suppose -4*z + 8 = 0, l - 3*l + 3472 = 3*z. Suppose -2*w - 690 = -k*s, s - 6*s + w = -l. Is s prime?
True
Suppose 8*s - 9 - 55 = 0. Is (-36)/(-48) + 164738/s a prime number?
True
Let s be (9/4)/(51/(-544)). Let u be 32/s*6/(-4). Suppose j = -m + 162, -5*m = -u*j + 290 + 13. Is j prime?
False
Suppose 7*n + 1127191 = 9*n - 3*w, -w = 2*n - 1127211. Is n a prime number?
False
Suppose 3*f - 1029111 = 14*x - 11*x, 5*f - 2*x - 1715185 = 0. Is f a prime number?
True
Suppose 3095*j - 3091*j = 239444. Is j prime?
False
Is 317910 + (16/72 - 210/(-27) - 7) composite?
True
Suppose 12*i + 0 = -0. Suppose 10*o - 5*o - 11800 = i. Suppose -o = -3*r + 817. Is r a composite number?
True
Suppose -46*y - 8 = -50*y - 2*i, -i + 7 = 3*y. Suppose y*w - 4*c - 45514 = 0, 109*w + 30328 = 111*w + c. Is w composite?
True
Suppose -32475 = -4*d - 5*q, 4*q - 4 = -24. Suppose -8*x + 1627 = -7*x + 2*l, -5*l + d = 5*x. Is x a prime number?
False
Let k be (-8)/(-48)*0 - 0. Is k + 20923/3 + (-4)/3 a composite number?
True
Let i be (50/4)/(-5)*(-7740)/150. Suppose 0 = -134*t + i*t + 465. Is t composite?
True
Suppose 80371 - 514 = 9*h. Is h a composite number?
True
Is (-46)/874 - 157800/(-95) a composite number?
True
Let r(m) = -3*m**2 - 57*m**2 - 17 - 82*m**2. Let n(v) = -425*v**2 - v - 50. Let w(l) = -4*n(l) + 11*r(l). Is w(7) a prime number?
True
Let b be 42/4*(-3 + 2 + 83). Let k be -5*((-6)/2 - 5062/10). Let s = k + b. Is s composite?
False
Suppose 0 = -3*o + 1836 + 1122. Let v = o - 497. Suppose -w - f + 318 = 0, -4*w + 3*f + 776 = -v. Is w prime?
True
Let b(o) = o**3 + 35*o**2 + 88*o + 93. Is b(37) a composite number?
False
Suppose 104478 - 426655 = -37*d + 815832. Is d a composite number?
False
Let q = -2125823 + 3038344. Is q prime?
True
Suppose -2*h + 5*l + 17 = 0, l + 8 = 2*h - l. Is (h - (-4)/(-1) - 8419)/(-2) a composite number?
False
Let p be 29355/6 + (-35)/(-14). Suppose 11274 + p = 19*s. Is s a composite number?
True
Let s(a) = 565*a + 126. Let p = -364 + 381. Is s(p) composite?
True
Is ((-3)/(-9))/(12/2666484) composite?
True
Suppose 4*m - 1109556 + 234583 = -7*m. Is m a composite number?
True
Suppose -440*c = -450*c + 341890. Is c prime?
False
Let q(j) = 129*j + 137*j + 2 - 1035*j - 400*j. Is q(-1) prime?
True
Let z = -73402 + 133013. Is z a composite number?
False
Suppose -3*y + 7*c + 1667659 = 0, 4*y - 2223504 = -4*c + 3*c. Is y composite?
True
Let r = -81544 - -122045. Is r composite?
True
Suppose 0 = 161*q - 34*q - 761111. Is q prime?
False
Suppose 3*y + 31 = 5*c, -2*c + 14 = -0*c - 2*y. Suppose -x + 3018 = -p, c*p = -5*x + 4211 + 10919. Is x composite?
True
Suppose -17*d = -2*n - 14*d + 159, 2*n + 5*d = 199. Let q be -872*(2 + 1/(-1)). Let z = n - q. Is z a composite number?
True
Suppose -2*w - 16 = -p, p - 7*w - 24 = -3*w. Suppose p = 6*k - 2*k, -2*k - 167 = g. Let l = g + 254. Is l a composite number?
False
Suppose 5*z + 9 = y, -5*z + 16 = 3*y - 9*z. Suppose -y*i - 1471 = -48443. Let w = i - 4674. Is w a prime number?
True
Let g be 2 + (-6)/4 + (-11)/(-22). Is g/2*-5*(-174912)/480 a prime number?
True
Let v(p) = -254*p + 67 - 80*p - 21*p - 99*p + 12*p. Is v(-27) a prime number?
False
Let z(h) be the first derivative of 56*h**2 + 10*h - 75. Is z(7) a prime number?
False
Suppose 0 = 153*x + 31*x - 22988251 - 13000861. Is x a prime number?
True
Suppose -n + 186 = 4*d, 2*n + 102 = 2*d + 7*n. Suppose 5*f - 22 = 5*v + 13, 0 = 4*f + 5*v - d. Is (-1631)/(-2) + f/6 a composite number?
True
Let u = -15519 - -67734. Suppose -30*h + 371325 = u. Is h a composite number?
True
Is (-42440 - (-8 + 1))*-1 a prime number?
True
Let y = 13361 + -1677. Suppose -y = -21*t + 8707. Is t prime?
True
Suppose -2*o = 5*t - 859139, 0 = -5*t + 220*o - 216*o + 859127. Is t prime?
True
Suppose 4*v = 61*b - 56*b + 1114635, -278655 = -v + 2*b. Is v composite?
True
Suppose 24 = -21*t + 17*t. Let k(p) = -3*p**2 + 4*p + 11. Let x(b) = -5*b**2 + 7*b + 21. Let c(o) = -13*k(o) + 6*x(o). Is c(t) prime?
True
Suppose 16*a - 21*a + 7900699 = -2*s, 4*a + 5*s = 6320579. Is a a composite number?
False
Let n be 3*2/(-6)*-9. Suppose -n*k + 2*k = 3066. Let o = k + 773. Is o a prime number?
False
Suppose 47552 = -3*j + 11*b - 6*b, 4*b - 16 = 0. Let k = 10113 + j. Let r = 10494 + k. Is r a composite number?
True
Let m = 1810 + -1445. Let k be 1/((-2)/(-2)) - 113. Let s = m + k. Is s composite?
True
Let s(d) = -555*d - 11. Let g(t) = -t**3 + 32*t**2 + 2*t - 67. Let y be g(32). Is s(y) a prime number?
False
Suppose 0 = -22*m + 19*m + 42. Is 4/2*17143/m composite?
True
Suppose 16*r - 6*r = 45780. Let b = 3028 + r. Is b composite?
True
Let d be 308/66*(-21 - -3)/(-3). Suppose 76576 = d*v + 4*v. Is v prime?
True
Let m be (4 - 4)/(0 + 1). Suppose 2*v + 0*l + 123 = -3*l, v - 4*l + 78 = m. Let c = v + 149. Is c a prime number?
True
Let k(m) = 3651*m**2 + 948*m + 2824. Is k(-3) prime?
True
Let z(y) be the third derivative of 609*y**6/8 - y**5/15 + y**4/12 + 5*y**2 + 12*y. Is z(1) a composite number?
False
Let d(u) = 86*u**3 + 3. Let l = -4 - -6. Let a be d(l). Suppose 11*i - 10*i = a. Is i prime?
True
Let o(z) = -36*z**3 + 3*z**2 - 28*z + 13. Let m(v) = 36*v**3 - 3*v**2 + 27*v - 13. Let x(s) = 4*m(s) + 3*o(s). Is x(6) composite?
True
Let m(g) = -10*g**3 + 2*g**2 + 3*g + 5. Let b be m(-2). Suppose -3*n + b + 132 = 0. Suppose -n = -c - 18. Is c a prime number?
False
Suppose 341160 = 3*n - 3*y, 2*n - 174822 = 4*y + 52628. Suppose -15*w + 234120 = -n. Is w prime?
True
Suppose 296*i = -4*q + 294*i + 580484, -2*q - 4*i = -290242. Is q composite?
False
Suppose 0 = -61*y + 70*y - 719946. Suppose 5*n = -29019 + y. Is n composite?
True
Suppose -4*o + o + 1101 = 0. Suppose j - 4 = 2*k + 4, -4*j = -k - 11. Is j + o - 20/(-10) a prime number?
False
Suppose -2*v + 18 = 4*w, 4*w - 7 = -3*v + 12. Let f be (-3 - -5)*(v - -1). Suppose 0 = -4*g + 3*g + 5*u + 1028, -f*u = -12. Is g a prime number?
False
Suppose 3*u = -b + 13, -3*u - 4 + 14 = -2*b. Let r be (-2*2/u)/((-9)/27). Suppose -5*w = -r*x + 874, -876 = -x - 2*x + 3*w. Is x prime?
True
Let c(z) = 223*z**2 + 11*z - 48. Let l be c(-14). Suppose -h + l = -k + 3*k, -k = -3*h - 21739. Is k a prime number?
True
Suppose 5*i = -2*j + 2, i + j = -0*i - 2. Suppose 5*r = i*r - 48. Let p(n) = n**3 + 24*n**2 + 18*n - 3. Is p(r) prime?
False
Suppose -1212 = -4*r + 344. Let o(q) = 4*q**2 + 5*q - 240. Let j be o(8). Let p = j + r. Is p a prime number?
False
Let q(p) = -4*p**3 - p**2 - 3*p + 13. Let k(t) = 2*t**3 + t - 7. Let v(x) = 5*k(x) + 3*q(x). Let s be v(-12). Suppose -756 = -8*d + s. Is d composite?
False
Let z = -42008 - -198993. Is z a composite number?
True
Let h(t) = -1366*t - 435. Is h(-7) prime?
True
Let w be 24378*(3 + (3 - 68/12)). Let u = 11397 - w. Is u a composite number?
False
Suppose 50 = j - 2283. Is j composite?
False
Let z be -1 + 7 - (-3402)/(-14). Let t = -144 - z. Is t prime?
False
Let g be (-3)/18 + -26*21739/(-12). Suppose 54*z = 17*z + g. Is z a composite number?
True
Suppose -o - 3*o + 44 = 0. Let u = -19 + o. Is 12309/55 + u/10 a prime number?
True
Suppose -24*l - 33 = -35*l. Suppose -t - 4*t - 5*o + 34745 = 0, -5*t = -l*o - 34729. Is t a prime number?
True
Let d = 1438150 + -975151. Is d prime?
False
Let d(v) = 7 + 2*v - 4*v + v - 4 + 465*v**2. Let y = 32 - 33. Is d(y) a composite number?
True
Let b(q) = 6740*q**2 + 178*q - 911. Is b(5) a prime number?
False
Let v be (-2 - 7)*(-8)/18. Suppose -7053 = v*y - 7*y. Is y composite?
False
Is 2/15 - ((-129094306)/330 - 3) prime?
False
Suppose -396*a + 2 = -395*a. Suppose 2*q + 3*x - a*x - 1257 = 0, 3*x + 3170 = 5*q. Is q composite?
False
Let a be 125/10*(-748)/5. Let x = 3279 + a. Is x composite?
False
Is (43 + -42)*(-1*(-2 - -1) - -40866) a composite number?
False
Let m = 1689 - 1092. Let p = m + -352. Suppose -5*u + 10*u = p. Is u composite?
True
Suppose -2*x - c - 2890 = -3*c, -3*x = 3*c + 4335. Let a = 3449 + -1355. Let n = a + x. Is n prime?
False
Suppose 8*t = 18 + 22. Suppose -46322 = -4*u - 3*p, t*u = -0*p + 2*p + 57891. Is u a composite number?
False
Let x be (-5)/(-15)*-3 - 181. Let c = 321 + x. Is c prime?
True
Let i(q) be the third derivative of 47*q**6/120 + q**5/5 + q**4/4 + 4*q**3/3 - 2*q**2